{"version":"1.0","provider_name":"Pastorale Giovanile Salerno","provider_url":"https:\/\/www.pastoralegiovanilesalerno.it\/v2","author_name":"PGAdmin","author_url":"https:\/\/www.pastoralegiovanilesalerno.it\/v2\/author\/pgadmin\/","title":"#DattiDaFare - Pastorale Giovanile Salerno","type":"rich","width":600,"height":338,"html":"<blockquote class=\"wp-embedded-content\" data-secret=\"ZParI3xP6T\"><a href=\"https:\/\/www.pastoralegiovanilesalerno.it\/v2\/contenuti\/dattidafare\/\">#DattiDaFare<\/a><\/blockquote><iframe sandbox=\"allow-scripts\" security=\"restricted\" src=\"https:\/\/www.pastoralegiovanilesalerno.it\/v2\/contenuti\/dattidafare\/embed\/#?secret=ZParI3xP6T\" width=\"600\" height=\"338\" title=\"&#8220;#DattiDaFare&#8221; &#8212; Pastorale Giovanile Salerno\" data-secret=\"ZParI3xP6T\" frameborder=\"0\" marginwidth=\"0\" marginheight=\"0\" scrolling=\"no\" class=\"wp-embedded-content\"><\/iframe><script type=\"text\/javascript\">\n\/* <![CDATA[ *\/\n\/*! This file is auto-generated *\/\n!function(d,l){\"use strict\";l.querySelector&&d.addEventListener&&\"undefined\"!=typeof URL&&(d.wp=d.wp||{},d.wp.receiveEmbedMessage||(d.wp.receiveEmbedMessage=function(e){var t=e.data;if((t||t.secret||t.message||t.value)&&!\/[^a-zA-Z0-9]\/.test(t.secret)){for(var s,r,n,a=l.querySelectorAll('iframe[data-secret=\"'+t.secret+'\"]'),o=l.querySelectorAll('blockquote[data-secret=\"'+t.secret+'\"]'),c=new RegExp(\"^https?:$\",\"i\"),i=0;i<o.length;i++)o[i].style.display=\"none\";for(i=0;i<a.length;i++)s=a[i],e.source===s.contentWindow&&(s.removeAttribute(\"style\"),\"height\"===t.message?(1e3<(r=parseInt(t.value,10))?r=1e3:~~r<200&&(r=200),s.height=r):\"link\"===t.message&&(r=new URL(s.getAttribute(\"src\")),n=new URL(t.value),c.test(n.protocol))&&n.host===r.host&&l.activeElement===s&&(d.top.location.href=t.value))}},d.addEventListener(\"message\",d.wp.receiveEmbedMessage,!1),l.addEventListener(\"DOMContentLoaded\",function(){for(var e,t,s=l.querySelectorAll(\"iframe.wp-embedded-content\"),r=0;r<s.length;r++)(t=(e=s[r]).getAttribute(\"data-secret\"))||(t=Math.random().toString(36).substring(2,12),e.src+=\"#?secret=\"+t,e.setAttribute(\"data-secret\",t)),e.contentWindow.postMessage({message:\"ready\",secret:t},\"*\")},!1)))}(window,document);\n\/\/# sourceURL=https:\/\/www.pastoralegiovanilesalerno.it\/v2\/wp-includes\/js\/wp-embed.min.js\n\/* ]]> *\/\n<\/script>\n","thumbnail_url":"https:\/\/www.pastoralegiovanilesalerno.it\/v2\/wp-content\/uploads\/2017\/01\/dattidafare.jpg","thumbnail_width":415,"thumbnail_height":660,"description":"Giovani \u2013 Anno Pastorale (2017\/2018) Tenendo conto del prezioso aiuto dato a tutti con la prima uscita del sussidio dei giovani proposto lo scorso anno dal titolo\u00a0Scarpediem, in questo nuovo sussidio dal titolo\u00a0#Dattidafare\u00a0si \u00e8 pensato di tenere in considerazione il Docat (Compendio adatto ai giovani della dottrina sociale della Chiesa) in cui vengono affrontate tematiche molto vicine alla realt\u00e0 dei giovani. Nella societ\u00e0 in cui viviamo avvertiamo sempre di pi\u00f9 la difficolt\u00e0 e spesso lo scoraggiamento nel non riuscire sempre a istaurare un dialogo\/confronto con i nostri giovani. Tante volte a causa di questo ci rassegniamo e cos\u00ec le cose non fanno altro che peggiorare. In questo anno di grazia siamo ancora di pi\u00f9 spinti e motivati a iniziare un percorso con i giovani dal momento in cui ci vogliamo preparare a vivere il desiderio di papa Francesco: \u201cil Sinodo sui giovani\u201d, in cui si \u00e8 pensato di capovolgere un po\u2019 tutti i nostri metodi soffermandoci non su quello che \u00e8 il nostro pensiero, ma volendo partire proprio dal pensiero dei nostri giovani. Come ufficio di pastorale giovanile possiamo dire di essere soddisfatti per tutto ci\u00f2 che \u00e8 emerso nei questionari che ci sono stati offerti in preparazione al Sinodo, in cui abbiamo visto e ci siamo sentiti interpellare dai giovani nell\u2019urgenza e nel desiderio di essere aiutati. Per questo motivo il sussidio\u00a0#Dattidafare\u00a0vuole aiutare i giovani ad affrontare con serenit\u00e0 le difficolt\u00e0 che incontrano nella societ\u00e0 contemporanea con lo spirito cristiano, ma soprattutto con l\u2019entusiasmo. In questo lavoro non facile tutta la comunit\u00e0 diocesana chiamata ad\u00a0accogliere,\u00a0accompagnare e guarire\u00a0\u00e8 invitata a farsi carico di tutte le situazioni che vivono i nostri giovani."}

Giovani – Anno Pastorale (2017/2018) Tenendo conto del prezioso aiuto dato a tutti con la prima uscita del sussidio dei giovani proposto lo scorso anno dal titolo Scarpediem, in questo nuovo sussidio dal titolo #Dattidafare si è pensato di tenere in considerazione il Docat (Compendio adatto ai giovani della dottrina sociale della Chiesa) in cui vengono affrontate tematiche molto vicine alla realtà dei giovani. Nella società in cui viviamo avvertiamo sempre di più la difficoltà e spesso lo scoraggiamento nel non riuscire sempre a istaurare un dialogo/confronto con i nostri giovani. Tante volte a causa di questo ci rassegniamo e così le cose non fanno altro che peggiorare. In questo anno di grazia siamo ancora di più spinti e motivati a iniziare un percorso con i giovani dal momento in cui ci vogliamo preparare a vivere il desiderio di papa Francesco: “il Sinodo sui giovani”, in cui si è pensato di capovolgere un po’ tutti i nostri metodi soffermandoci non su quello che è il nostro pensiero, ma volendo partire proprio dal pensiero dei nostri giovani. Come ufficio di pastorale giovanile possiamo dire di essere soddisfatti per tutto ciò che è emerso nei questionari che ci sono stati offerti in preparazione al Sinodo, in cui abbiamo visto e ci siamo sentiti interpellare dai giovani nell’urgenza e nel desiderio di essere aiutati. Per questo motivo il sussidio #Dattidafare vuole aiutare i giovani ad affrontare con serenità le difficoltà che incontrano nella società contemporanea con lo spirito cristiano, ma soprattutto con l’entusiasmo. In questo lavoro non facile tutta la comunità diocesana chiamata ad accogliere, accompagnare e guarire è invitata a farsi carico di tutte le situazioni che vivono i nostri giovani.
