{"version":"1.0","provider_name":"Pastorale Giovanile Salerno","provider_url":"https:\/\/www.pastoralegiovanilesalerno.it\/v2","author_name":"PGAdmin","author_url":"https:\/\/www.pastoralegiovanilesalerno.it\/v2\/author\/pgadmin\/","title":"SCARPEDIEM - Pastorale Giovanile Salerno","type":"rich","width":600,"height":338,"html":"<blockquote class=\"wp-embedded-content\" data-secret=\"rtHiva8XDO\"><a href=\"https:\/\/www.pastoralegiovanilesalerno.it\/v2\/contenuti\/scarpediem\/\">SCARPEDIEM<\/a><\/blockquote><iframe sandbox=\"allow-scripts\" security=\"restricted\" src=\"https:\/\/www.pastoralegiovanilesalerno.it\/v2\/contenuti\/scarpediem\/embed\/#?secret=rtHiva8XDO\" width=\"600\" height=\"338\" title=\"&#8220;SCARPEDIEM&#8221; &#8212; Pastorale Giovanile Salerno\" data-secret=\"rtHiva8XDO\" frameborder=\"0\" marginwidth=\"0\" marginheight=\"0\" scrolling=\"no\" class=\"wp-embedded-content\"><\/iframe><script type=\"text\/javascript\">\n\/* <![CDATA[ *\/\n\/*! This file is auto-generated *\/\n!function(d,l){\"use strict\";l.querySelector&&d.addEventListener&&\"undefined\"!=typeof URL&&(d.wp=d.wp||{},d.wp.receiveEmbedMessage||(d.wp.receiveEmbedMessage=function(e){var t=e.data;if((t||t.secret||t.message||t.value)&&!\/[^a-zA-Z0-9]\/.test(t.secret)){for(var s,r,n,a=l.querySelectorAll('iframe[data-secret=\"'+t.secret+'\"]'),o=l.querySelectorAll('blockquote[data-secret=\"'+t.secret+'\"]'),c=new RegExp(\"^https?:$\",\"i\"),i=0;i<o.length;i++)o[i].style.display=\"none\";for(i=0;i<a.length;i++)s=a[i],e.source===s.contentWindow&&(s.removeAttribute(\"style\"),\"height\"===t.message?(1e3<(r=parseInt(t.value,10))?r=1e3:~~r<200&&(r=200),s.height=r):\"link\"===t.message&&(r=new URL(s.getAttribute(\"src\")),n=new URL(t.value),c.test(n.protocol))&&n.host===r.host&&l.activeElement===s&&(d.top.location.href=t.value))}},d.addEventListener(\"message\",d.wp.receiveEmbedMessage,!1),l.addEventListener(\"DOMContentLoaded\",function(){for(var e,t,s=l.querySelectorAll(\"iframe.wp-embedded-content\"),r=0;r<s.length;r++)(t=(e=s[r]).getAttribute(\"data-secret\"))||(t=Math.random().toString(36).substring(2,12),e.src+=\"#?secret=\"+t,e.setAttribute(\"data-secret\",t)),e.contentWindow.postMessage({message:\"ready\",secret:t},\"*\")},!1)))}(window,document);\n\/\/# sourceURL=https:\/\/www.pastoralegiovanilesalerno.it\/v2\/wp-includes\/js\/wp-embed.min.js\n\/* ]]> *\/\n<\/script>\n","thumbnail_url":"https:\/\/www.pastoralegiovanilesalerno.it\/v2\/wp-content\/uploads\/2021\/01\/scarpediem.jpg","thumbnail_width":595,"thumbnail_height":839,"description":"Giovani \u2013 Anno Pastorale (2016\/2017) Oggi parlare ai giovani \u00e8 diventato alquanto difficile e pi\u00f9 volte assistiamo alla difficolt\u00e0 di come poter impostare un dialogo con loro per riscoprire la propria fede, e soprattutto far scoprire che Cristo non li priva della loro felicit\u00e0 ma \u00e8 il punto essenziale per poter costruire il proprio futuro e la propria esperienza di vita. Nella societ\u00e0 in cui viviamo possiamo notare quasi uno scoraggiamento presente nella vita dei giovani che trovano tanta difficolt\u00e0 nel costruire il proprio futuro e tante volte questo scoraggiamento conduce i giovani ad intraprendere strade non buone. Ecco allora che pi\u00f9 di una volta ci siamo posti e ci poniamo la domanda: cosa dobbiamo fare per attirare la loro attenzione? Come saperli ACCOGLIERE, ACCOMPAGNARE, GUARIRE dentro la comunit\u00e0 cristiana? Certo non abbiamo una risposta, ma dai vari discorsi che il Papa ha tenuto a Cracovia abbiamo cercato di poter cambiare il nostro metodo di approccio con loro partendo soprattutto dalla realt\u00e0 in cui essi vivono per arrivare a dare un messaggio evangelico, proprio come Ges\u00f9, il Maestro, ha fatto con Zaccheo. La caratteristica di tale sussidio ha lo scopo di aiutare i giovani a rileggere la propria vita, ma anche la realt\u00e0 in cui essi vivono e lasciare a loro la possibilit\u00e0 di mettersi in gioco per migliorare la loro vita e la vita dei loro coetanei. Ci auguriamo che questo strumento possa essere utilizzato da tutte le comunit\u00e0 parrocchiali della nostra diocesi proprio per intraprendere un cammino sinodale. L\u2019invito che rivolgiamo ai tanti giovani \u00e8 lo stesso invito che papa Francesco ha rivolto ai giovani a Cracovia: \u201cIl tempo che oggi stiamo vivendo non ha bisogno di giovani divano, ma di giovani con le scarpe, meglio ancora con gli scarponcini calzati\u201d. (GMG Cracovia 2016)"}

Giovani – Anno Pastorale (2016/2017) Oggi parlare ai giovani è diventato alquanto difficile e più volte assistiamo alla difficoltà di come poter impostare un dialogo con loro per riscoprire la propria fede, e soprattutto far scoprire che Cristo non li priva della loro felicità ma è il punto essenziale per poter costruire il proprio futuro e la propria esperienza di vita. Nella società in cui viviamo possiamo notare quasi uno scoraggiamento presente nella vita dei giovani che trovano tanta difficoltà nel costruire il proprio futuro e tante volte questo scoraggiamento conduce i giovani ad intraprendere strade non buone. Ecco allora che più di una volta ci siamo posti e ci poniamo la domanda: cosa dobbiamo fare per attirare la loro attenzione? Come saperli ACCOGLIERE, ACCOMPAGNARE, GUARIRE dentro la comunità cristiana? Certo non abbiamo una risposta, ma dai vari discorsi che il Papa ha tenuto a Cracovia abbiamo cercato di poter cambiare il nostro metodo di approccio con loro partendo soprattutto dalla realtà in cui essi vivono per arrivare a dare un messaggio evangelico, proprio come Gesù, il Maestro, ha fatto con Zaccheo. La caratteristica di tale sussidio ha lo scopo di aiutare i giovani a rileggere la propria vita, ma anche la realtà in cui essi vivono e lasciare a loro la possibilità di mettersi in gioco per migliorare la loro vita e la vita dei loro coetanei. Ci auguriamo che questo strumento possa essere utilizzato da tutte le comunità parrocchiali della nostra diocesi proprio per intraprendere un cammino sinodale. L’invito che rivolgiamo ai tanti giovani è lo stesso invito che papa Francesco ha rivolto ai giovani a Cracovia: “Il tempo che oggi stiamo vivendo non ha bisogno di giovani divano, ma di giovani con le scarpe, meglio ancora con gli scarponcini calzati”. (GMG Cracovia 2016)
