{"version":"1.0","provider_name":"Pastorale Giovanile Salerno","provider_url":"https:\/\/www.pastoralegiovanilesalerno.it\/v2","author_name":"PGAdmin","author_url":"https:\/\/www.pastoralegiovanilesalerno.it\/v2\/author\/pgadmin\/","title":"SENSI&SENTIMENTI - Pastorale Giovanile Salerno","type":"rich","width":600,"height":338,"html":"<blockquote class=\"wp-embedded-content\" data-secret=\"hoXLC29ynr\"><a href=\"https:\/\/www.pastoralegiovanilesalerno.it\/v2\/contenuti\/sensisentimenti\/\">SENSI&#038;SENTIMENTI<\/a><\/blockquote><iframe sandbox=\"allow-scripts\" security=\"restricted\" src=\"https:\/\/www.pastoralegiovanilesalerno.it\/v2\/contenuti\/sensisentimenti\/embed\/#?secret=hoXLC29ynr\" width=\"600\" height=\"338\" title=\"&#8220;SENSI&#038;SENTIMENTI&#8221; &#8212; Pastorale Giovanile Salerno\" data-secret=\"hoXLC29ynr\" frameborder=\"0\" marginwidth=\"0\" marginheight=\"0\" scrolling=\"no\" class=\"wp-embedded-content\"><\/iframe><script type=\"text\/javascript\">\n\/* <![CDATA[ *\/\n\/*! This file is auto-generated *\/\n!function(d,l){\"use strict\";l.querySelector&&d.addEventListener&&\"undefined\"!=typeof URL&&(d.wp=d.wp||{},d.wp.receiveEmbedMessage||(d.wp.receiveEmbedMessage=function(e){var t=e.data;if((t||t.secret||t.message||t.value)&&!\/[^a-zA-Z0-9]\/.test(t.secret)){for(var s,r,n,a=l.querySelectorAll('iframe[data-secret=\"'+t.secret+'\"]'),o=l.querySelectorAll('blockquote[data-secret=\"'+t.secret+'\"]'),c=new RegExp(\"^https?:$\",\"i\"),i=0;i<o.length;i++)o[i].style.display=\"none\";for(i=0;i<a.length;i++)s=a[i],e.source===s.contentWindow&&(s.removeAttribute(\"style\"),\"height\"===t.message?(1e3<(r=parseInt(t.value,10))?r=1e3:~~r<200&&(r=200),s.height=r):\"link\"===t.message&&(r=new URL(s.getAttribute(\"src\")),n=new URL(t.value),c.test(n.protocol))&&n.host===r.host&&l.activeElement===s&&(d.top.location.href=t.value))}},d.addEventListener(\"message\",d.wp.receiveEmbedMessage,!1),l.addEventListener(\"DOMContentLoaded\",function(){for(var e,t,s=l.querySelectorAll(\"iframe.wp-embedded-content\"),r=0;r<s.length;r++)(t=(e=s[r]).getAttribute(\"data-secret\"))||(t=Math.random().toString(36).substring(2,12),e.src+=\"#?secret=\"+t,e.setAttribute(\"data-secret\",t)),e.contentWindow.postMessage({message:\"ready\",secret:t},\"*\")},!1)))}(window,document);\n\/\/# sourceURL=https:\/\/www.pastoralegiovanilesalerno.it\/v2\/wp-includes\/js\/wp-embed.min.js\n\/* ]]> *\/\n<\/script>\n","thumbnail_url":"https:\/\/www.pastoralegiovanilesalerno.it\/v2\/wp-content\/uploads\/2021\/01\/sussidio_sensiesentimenti.jpg","thumbnail_width":595,"thumbnail_height":842,"description":"Adolescenti \u2013 Anno Pastorale (2016\/2017) Il sussidio proposto quest\u2019anno consente di fare un percorso di conoscenza pi\u00f9 profonda di ci\u00f2 che sono, perch\u00e9 da qui inizia un vero atteggiamento di accoglienza, fondamentale per lasciarsi accompagnare. Vogliamo offrire ai nostri adolescenti l\u2019occasione di un vero\u00a0check-up\u00a0della propria umanit\u00e0 in ogni sua dimensione corporale e affettiva (sensi e sentimenti: da qui il titolo\u00a0S&amp;S) per coglierne tutta la bellezza, la potenzialit\u00e0, ma anche per individuare aree che necessitano di cura, di guarigione. L\u2019impegno ad evangelizzare l\u2019umano, richiamato continuamente da Papa Francesco, ci interpella particolarmente nei confronti di coloro che vivono gli anni a volte molto difficili della definizione dell\u2019identit\u00e0 personale e cercano modelli autentici di umanit\u00e0 compiuta e realizzata. Tutti gli adolescenti devono poter essere accompagnati nell\u2019assumere\u00a0il coraggio di essere umani\u00a0secondo lo stile di Ges\u00f9. In occasione del V Convegno Nazionale della Chiesa Italiana a Firenze, Papa Francesco ha affermato: \u201cPossiamo parlare di umanesimo solamente a partire dalla centralit\u00e0 di Ges\u00f9, scoprendo in Lui i tratti del volto autentico dell\u2019uomo\u201d. E ha indicato alcuni tratti dell\u2019umanesimo cristiano identificandoli con i sentimenti di Ges\u00f9: \u201cEssi non sono astratte sensazioni provvisorie dell\u2019animo, ma rappresentano la calda forza interiore che ci rende capaci di vivere e di prendere decisioni\u201d (Discorso del Santo Padre ai rappresentanti, Cattedrale di S. Maria del Fiore, Firenze 10 novembre 2015)."}

Adolescenti – Anno Pastorale (2016/2017) Il sussidio proposto quest’anno consente di fare un percorso di conoscenza più profonda di ciò che sono, perché da qui inizia un vero atteggiamento di accoglienza, fondamentale per lasciarsi accompagnare. Vogliamo offrire ai nostri adolescenti l’occasione di un vero check-up della propria umanità in ogni sua dimensione corporale e affettiva (sensi e sentimenti: da qui il titolo S&amp;S) per coglierne tutta la bellezza, la potenzialità, ma anche per individuare aree che necessitano di cura, di guarigione. L’impegno ad evangelizzare l’umano, richiamato continuamente da Papa Francesco, ci interpella particolarmente nei confronti di coloro che vivono gli anni a volte molto difficili della definizione dell’identità personale e cercano modelli autentici di umanità compiuta e realizzata. Tutti gli adolescenti devono poter essere accompagnati nell’assumere il coraggio di essere umani secondo lo stile di Gesù. In occasione del V Convegno Nazionale della Chiesa Italiana a Firenze, Papa Francesco ha affermato: “Possiamo parlare di umanesimo solamente a partire dalla centralità di Gesù, scoprendo in Lui i tratti del volto autentico dell’uomo”. E ha indicato alcuni tratti dell’umanesimo cristiano identificandoli con i sentimenti di Gesù: “Essi non sono astratte sensazioni provvisorie dell’animo, ma rappresentano la calda forza interiore che ci rende capaci di vivere e di prendere decisioni” (Discorso del Santo Padre ai rappresentanti, Cattedrale di S. Maria del Fiore, Firenze 10 novembre 2015).
