{"version":"1.0","provider_name":"Pastorale Giovanile Salerno","provider_url":"https:\/\/www.pastoralegiovanilesalerno.it\/v2","author_name":"PGAdmin","author_url":"https:\/\/www.pastoralegiovanilesalerno.it\/v2\/author\/pgadmin\/","title":"#VIVILACON(M)PASSIONE - Pastorale Giovanile Salerno","type":"rich","width":600,"height":338,"html":"<blockquote class=\"wp-embedded-content\" data-secret=\"CMUecbyZ4v\"><a href=\"https:\/\/www.pastoralegiovanilesalerno.it\/v2\/contenuti\/vivilaconmpassione\/\">#VIVILACON(M)PASSIONE<\/a><\/blockquote><iframe sandbox=\"allow-scripts\" security=\"restricted\" src=\"https:\/\/www.pastoralegiovanilesalerno.it\/v2\/contenuti\/vivilaconmpassione\/embed\/#?secret=CMUecbyZ4v\" width=\"600\" height=\"338\" title=\"&#8220;#VIVILACON(M)PASSIONE&#8221; &#8212; Pastorale Giovanile Salerno\" data-secret=\"CMUecbyZ4v\" frameborder=\"0\" marginwidth=\"0\" marginheight=\"0\" scrolling=\"no\" class=\"wp-embedded-content\"><\/iframe><script type=\"text\/javascript\">\n\/* <![CDATA[ *\/\n\/*! This file is auto-generated *\/\n!function(d,l){\"use strict\";l.querySelector&&d.addEventListener&&\"undefined\"!=typeof URL&&(d.wp=d.wp||{},d.wp.receiveEmbedMessage||(d.wp.receiveEmbedMessage=function(e){var t=e.data;if((t||t.secret||t.message||t.value)&&!\/[^a-zA-Z0-9]\/.test(t.secret)){for(var s,r,n,a=l.querySelectorAll('iframe[data-secret=\"'+t.secret+'\"]'),o=l.querySelectorAll('blockquote[data-secret=\"'+t.secret+'\"]'),c=new RegExp(\"^https?:$\",\"i\"),i=0;i<o.length;i++)o[i].style.display=\"none\";for(i=0;i<a.length;i++)s=a[i],e.source===s.contentWindow&&(s.removeAttribute(\"style\"),\"height\"===t.message?(1e3<(r=parseInt(t.value,10))?r=1e3:~~r<200&&(r=200),s.height=r):\"link\"===t.message&&(r=new URL(s.getAttribute(\"src\")),n=new URL(t.value),c.test(n.protocol))&&n.host===r.host&&l.activeElement===s&&(d.top.location.href=t.value))}},d.addEventListener(\"message\",d.wp.receiveEmbedMessage,!1),l.addEventListener(\"DOMContentLoaded\",function(){for(var e,t,s=l.querySelectorAll(\"iframe.wp-embedded-content\"),r=0;r<s.length;r++)(t=(e=s[r]).getAttribute(\"data-secret\"))||(t=Math.random().toString(36).substring(2,12),e.src+=\"#?secret=\"+t,e.setAttribute(\"data-secret\",t)),e.contentWindow.postMessage({message:\"ready\",secret:t},\"*\")},!1)))}(window,document);\n\/\/# sourceURL=https:\/\/www.pastoralegiovanilesalerno.it\/v2\/wp-includes\/js\/wp-embed.min.js\n\/* ]]> *\/\n<\/script>\n","thumbnail_url":"https:\/\/www.pastoralegiovanilesalerno.it\/v2\/wp-content\/uploads\/2021\/01\/vivialacompassione.jpg","thumbnail_width":343,"thumbnail_height":485,"description":"Adolescenti \u2013 Anno Pastorale (2015\/2016) \u201c#vivilacon(m)passione\u201d \u00e8 il sussidio che la Diocesi di Salerno-Campagna-Acerno propone come cammino di fede per la formazione degli adolescenti per l\u2019anno 2015-2016, in occasione dell\u2019Anno giubilare. In sintonia con l\u2019invito di Papa Francesco ad approfondire le opere di Misericordia, la proposta formativa si prefigge di farle conoscere agli adolescenti mediante uno stile dinamico capace di coinvolgerli e farli riflettere. Gi\u00e0 dal titolo che si \u00e8 scelto si pu\u00f2 comprendere che tale sussidio ha un linguaggio \u201cgiovanile\u201d. Non si tratta solo di un gioco di parole! Il titolo sottende un duplice significato: \u201cvivila-con-passione\u201d: la vita gli adolescenti la vogliono vivere proprio cos\u00ec\u2026\u201dappassionatamente\u201d;\u2026- ma anche \u201cvivi-la-compassione\u201d: in una cultura che esalta l\u2019indifferenza e l\u2019egoismo, essi sono invitati ad sperimentare nella quotidianit\u00e0 la compassione, la misericordia, la premura verso l\u2019altro. Quante volte siamo poco attenti al grido di chi ha pi\u00f9 bisogno di noi? quante volte quel grido rimane muto, inascoltato, imprigionato nel cuore? Eppure quel cuore ha bisogno del tuo interesse, della tua accoglienza, del tuo ascolto, del tuo calore, del tuo incoraggiamento, della tua consolazione, della tua tenerezza."}

Adolescenti – Anno Pastorale (2015/2016) “#vivilacon(m)passione” è il sussidio che la Diocesi di Salerno-Campagna-Acerno propone come cammino di fede per la formazione degli adolescenti per l’anno 2015-2016, in occasione dell’Anno giubilare. In sintonia con l’invito di Papa Francesco ad approfondire le opere di Misericordia, la proposta formativa si prefigge di farle conoscere agli adolescenti mediante uno stile dinamico capace di coinvolgerli e farli riflettere. Già dal titolo che si è scelto si può comprendere che tale sussidio ha un linguaggio “giovanile”. Non si tratta solo di un gioco di parole! Il titolo sottende un duplice significato: “vivila-con-passione”: la vita gli adolescenti la vogliono vivere proprio così…”appassionatamente”;…- ma anche “vivi-la-compassione”: in una cultura che esalta l’indifferenza e l’egoismo, essi sono invitati ad sperimentare nella quotidianità la compassione, la misericordia, la premura verso l’altro. Quante volte siamo poco attenti al grido di chi ha più bisogno di noi? quante volte quel grido rimane muto, inascoltato, imprigionato nel cuore? Eppure quel cuore ha bisogno del tuo interesse, della tua accoglienza, del tuo ascolto, del tuo calore, del tuo incoraggiamento, della tua consolazione, della tua tenerezza.
